divisor of c and 52?
52
Suppose 5*f - 55 = 170. Suppose -831 + 2249 + 1342 = 23*g. Calculate the greatest common factor of f and g.
15
Let a be 6 + (3 + -3)/3. Suppose -4*u + n + 118 = a*n, -2*u - 3*n = -58. Calculate the greatest common factor of u and 44.
4
Let y = 139 - 143. Let f(k) = 20*k**2 - 5*k - 10. Let r be f(y). Calculate the greatest common divisor of 33 and r.
33
Let s(z) = -z**2 - 15*z - 18. Let i be s(-14). Let u be (4 + 2)/((-2)/i). Let a = u - -14. What is the greatest common divisor of 13 and a?
13
Suppose 4350 = 21*x - 2706. What is the greatest common factor of x and 3312?
48
Let y be (-1)/((104/(-6864))/((-80)/(-3))). What is the highest common divisor of y and 11?
11
Let y be (-4 + 7)/(2 + (-3)/6). Let a be (-8)/3*15/(-20)*y. What is the greatest common factor of 12 and a?
4
Let x(j) = -j**3 - 8*j**2 - j - 15. Let d be x(-8). Let p be 1*d/((-21)/135). Calculate the highest common divisor of p and 5.
5
Suppose 881*j = 887*j - 636. Calculate the highest common factor of j and 6.
2
Let i be 93/5 - (-4)/10. Let j be i*5/(-4 + 9). Let f(p) = p**2 - 3*p + 1. Let x be f(-3). What is the greatest common divisor of x and j?
19
Let f(y) = 9*y + 10. Let p be f(5). Let i be (-69)/(-6) + (2 - (-5)/(-2)). Calculate the greatest common divisor of p and i.
11
Let g(r) = r**3 - 5*r**2 - 13*r - 6. Let f = -9 - -16. Let p be g(f). Suppose -p - 2 = -3*a. What is the highest common factor of a and 8?
1
Suppose 0 = 7*f - 8 + 22. Let x be f/(-3) + (-4 - 95/(-15)). Suppose 4 = -0*a + a - r, 0 = x*a - 5*r - 8. Calculate the highest common factor of a and 24.
6
Let x = 6131 - 5494. What is the greatest common divisor of 26 and x?
13
Let g(q) = -2*q**2 - 68*q + 240. Let v be g(-37). What is the highest common factor of v and 318?
6
Suppose -4*n = -5*n + 3352. Calculate the highest common factor of n and 16.
8
Let f be 124 + 24/(-3) - 6. Suppose y + 2*y - f = -2*d, y = -2*d + 38. Let m be (2/(-2) - 0) + 13. What is the greatest common factor of y and m?
12
Let d = 2731 - 2715. What is the highest common factor of d and 4?
4
Suppose -m - 9 = 3*u, 3*m - 17 = -44*u + 46*u. Calculate the highest common divisor of 4827 and m.
3
Suppose t - 304 = 3*m, -5*t - 3*m = 217 - 1809. Let k = 324 - t. What is the highest common divisor of k and 152?
8
Suppose 0 = -13*g + 13164 + 4035. Calculate the highest common divisor of g and 245.
49
Let x be ((-158)/(-316))/(1/2568). What is the highest common divisor of 48 and x?
12
Let i = -4 - -6. Suppose i*l + 7 = 87. Let f = 5 - -55. What is the highest common divisor of l and f?
20
Let a be (-4 - (-54)/(-9))/((-1)/3). What is the highest common factor of 40 and a?
10
Let f(q) = 1242*q + 4992. Let i be f(-4). Calculate the highest common factor of i and 15.
3
Suppose 179 = 4*z - 1105. Let v = z - 181. Suppose 716*l - 695*l = 420. Calculate the greatest common divisor of l and v.
20
Suppose -w = -4 - 0. Suppose -w = -2*m + 4*d, 4*m + 0*d = -4*d + 20. Suppose -127 = 137*i - 401. What is the greatest common factor of m and i?
2
Let h = 27077 - 26720. Calculate the greatest common divisor of 1581 and h.
51
Let v = -201 - -202. Let p be (-3 + v)/((9 + -10)*1). Calculate the highest common factor of p and 4.
2
Suppose 608 = n + 7*n. Let c = n + -75. Calculate the greatest common divisor of 2 and c.
1
Let i(r) = -r**2 - 4*r + 148. Let y be i(-14). Calculate the greatest common factor of y and 4096.
8
Let p be -1*5/(-1 + -4). Let s be 25 + -23 - p*(-272 - 2). Calculate the highest common divisor of 24 and s.
12
Let w be 276/1*44/66. Suppose -8*h = -4*h - w. Suppose -r + 3*r - 230 = 0. What is the highest common divisor of h and r?
23
Suppose -23 = -d - 3*x + 2*x, 0 = -5*d - x + 103. Let v be (-7)/(8/24 - 10/12). Let h = d + v. Calculate the highest common factor of 34 and h.
34
Let u be (-1 - 0 - -1)/(-1). Suppose -2*d + 106 = i, 2*d - 2*i + 0*i - 112 = u. Let k be (-210)/4*d/(-45). What is the greatest common divisor of k and 21?
21
Let v = -8 - -13. Let u(o) = -54*o + 14*o + 29*o + 18*o + 13. Let c be u(v). Calculate the highest common factor of 6 and c.
6
Let x = 9 + -153. Let c be (-86)/(-18) - 32/x. Suppose 5*v = -0*v + c. What is the highest common divisor of 2 and v?
1
Suppose 4*m - 19*m + 3360 = 0. Suppose -m*t = -226*t + 100. Calculate the highest common divisor of t and 25.
25
Let s(g) = -61*g - 7. Suppose -39*t + 35*t = 8. Let h be s(t). Calculate the highest common divisor of h and 23.
23
Let r be (122/4)/(-1*(-4)/(-16)). Let q = r - -130. What is the highest common factor of q and 32?
8
Suppose 79179 - 4299 = 45*c. Calculate the highest common factor of 1040 and c.
208
Let f be (1537/106)/(3/228). What is the greatest common factor of f and 95?
19
Let b = -5 + 35. Suppose 9*a - 17400 = -11*a. Calculate the highest common factor of a and b.
30
Let p = -22764 + 22769. What is the greatest common factor of p and 335?
5
Let a be -3 + (-42)/(-8) - (-9)/12. Let x be (26/10 - a)/((-1)/150). Let i be ((-6)/(-12))/(1/x). What is the greatest common factor of 60 and i?
30
Let f be -38 + 1755 - (-1 - (-9 + 2)). What is the highest common divisor of 177 and f?
59
Suppose 0 = -19*p + 6*p + 26. Let w be (15 - p)*((-2)/(-1))/2. Suppose 2*g + 94 = 2*q - 0*g, -5*g + 77 = q. Calculate the greatest common divisor of w and q.
13
Suppose 33*t + 65*t = 43*t + 2310. Calculate the greatest common divisor of 318 and t.
6
Suppose 4*w + 572 = 4*d, -21*w = 5*d - 20*w - 703. Calculate the greatest common factor of d and 329.
47
Let q(f) = -f**3 - 2*f**2 + 61*f - 36. Let m be q(-12). Calculate the greatest common divisor of 154 and m.
14
Suppose 115*d - 494*d = -103088. Calculate the greatest common factor of d and 72.
8
Let p(u) = -u**2 - 5*u - 9. Let j be p(-9). Let x = j - -78. Suppose 0 = -30*k + x*k - 189. Calculate the greatest common divisor of 7 and k.
7
Let u be (-75)/(-12) + 4 + 2/(-8). Let g(c) = -26 + u*c + 5*c + 3*c**2 + 31. Let x be g(-6). What is the highest common divisor of 161 and x?
23
Let m = 9 - 13. Let r = 407 + -409. Let i be (-39 + -3)*r/m*-1. Calculate the highest common factor of 21 and i.
21
Suppose -5*t = 3*b + 1, -6*t + t - b + 3 = 0. Suppose w = 11 - t. Suppose -5*l + 67 - w = m, -2*l = 2*m - 74. Calculate the greatest common divisor of m and 8.
8
Let m = 596 - 594. Suppose -5*j + m*j = -4*q + 81, 3*j = 2*q - 39. Calculate the highest common factor of q and 70.
7
Let w(z) = -z - 21. Let s be w(-11). Let h be -1 + (-2 - -2) - 1050/s. Let b be (-2)/(-6) - (-114)/9. What is the greatest common factor of h and b?
13
Suppose -14*m - 3137 = -23350 + 613. Calculate the greatest common factor of m and 56.
56
Let w(d) = 100*d - 135. Let h be w(9). Let m = -489 + h. Let t(x) = -x**3 + 8*x**2 - 4*x + 2. Let b be t(7). What is the greatest common factor of m and b?
23
Suppose -99*v = 91*v - 192*v + 592. What is the greatest common factor of 16 and v?
8
Suppose 0 = -5*o + 2*t + 41, 22*t = 23*t - 7. Calculate the greatest common divisor of o and 517.
11
Suppose 0 = 4*x - 5*y - 2573, 8*x - 10*x + 1281 = 3*y. What is the greatest common divisor of x and 3424?
214
Let q be (6/9)/(8/(-1236)). Let s = -104 - q. Let c(l) = -65*l + 1. Let z be c(s). Calculate the greatest common factor of z and 22.
22
Let i be 65 - ((-4)/(-14) - (-2)/(-7)). Suppose 0 = 181*h - 182*h + 1, -1035 = -4*a + 5*h. Calculate the greatest common divisor of i and a.
65
Suppose -d - 107 = -100*p + 95*p, d - 93 = -5*p. What is the greatest common factor of p and 470?
10
Suppose -5*m + 9 + 6 = 0. Suppose -2*a + 3*f + 23 = 0, -8 = -m*a + 2*f + 19. Suppose -a*u + 2*u = -540. What is the greatest common divisor of 27 and u?
27
Suppose 0 = -2*y - 3*z + 4175, 19*z = y + 16*z - 2065. Calculate the greatest common divisor of y and 20.
20
Let o be ((-10367280)/34)/(-20) + 2 + 0 + -4. What is the highest common divisor of 148 and o?
148
Let r = -1825 + 2566. Suppose 9*x = 28*x - r. What is the greatest common factor of x and 104?
13
Suppose -1003 = -7*p - 10*p. Let g = 67 - p. What is the greatest common factor of 1 and g?
1
Suppose 0 = -5*x + 4 + 16. Suppose 2 - 12 = -5*n. Suppose -q = n*s - 29, -x*q - 2*s + 177 = q. What is the greatest common factor of q and 333?
37
Suppose -71 = -4*o - g, 2*g = o - 0*g - 20. Let n be ((-3)/(-9))/((-1)/(-54)). Calculate the greatest 